{"id":1193,"date":"2020-05-29T09:20:15","date_gmt":"2020-05-29T09:20:15","guid":{"rendered":"https:\/\/nangina-test.klabusnik.de\/?page_id=1193"},"modified":"2020-06-25T10:39:40","modified_gmt":"2020-06-25T10:39:40","slug":"solarlampen-fuer-radioschulen-in-tegucigalpa-honduras","status":"publish","type":"page","link":"https:\/\/nangina-test.klabusnik.de\/index.php\/solarlampen-fuer-radioschulen-in-tegucigalpa-honduras\/","title":{"rendered":"Solarlampen f\u00fcr Radioschulen in Tegucigalpa, Honduras"},"content":{"rendered":"\n<p>Seit einigen Jahren unterst\u00fctzt der Nangina e.V. die Radioschulen des IHER (Instituto Hondureno de Educaci\u00f3n por Radio). Auf dem Lande haben einige Menschen in Honduras keinen Zugang zu Bildung, da die Infrastruktur es nicht erlaubt, t\u00e4glich die langen Wege zu den Schulen zur\u00fcckzulegen. Das IHER erm\u00f6glicht den Menschen als Radioschule eine Bildung, die an jedem Ort zur Verf\u00fcgung steht. Durch Radios und mit Hilfe von Solarlampen k\u00f6nnen die Sch\u00fclerinnen und Sch\u00fcler zu Hause lernen. In den l\u00e4ndlichen Gegenden in Honduras gibt es vielerorts keine oder nur eine sehr unzuverl\u00e4ssige Versorgung mit Strom. Durch die F\u00f6rderung von Solarlampen k\u00f6nnen auch die Menschen auf dem Lande Licht in ihren H\u00e4usern haben, das f\u00fcr das Lernen dringend n\u00f6tig ist.<br>Die Lampen werden nicht verschenkt, sondern zu einem geringen Preis (etwa einem Drittel des Kaufpreises in Deutschland) an die Sch\u00fcler verkauft. Mit dem Geld, das so zusammenkommt, m\u00fcssen zun\u00e4chst einmal die Kosten f\u00fcr die Einfuhr nach Honduras und der Transport der Lampen vom Hafen Puerto Cort\u00e9s nach der Hauptstadt Tegucigalpa bezahlt werden. Mit dem Rest \u2013 und das waren in diesem Jahr etwa 4.000 \u20ac \u2013 helfen die Sch\u00fcler gr\u00f6\u00dfere Projekte wie z.B. einen Schulbau zu finanzieren. In diesem Jahr wurde auf diese Weise das Dach der Schule im D\u00f6rfchen El Bracilar bezahlt, wo Nangina die neuen Tische und St\u00fchle finanziert hat. In der Stadt El Progreso hatte das IHER eine ehemalige Diskothek erworben, deren Halle nun mit Geld aus dem Solarlampenverkauf in Klassenr\u00e4ume unterteilt wird, wo bald f\u00fcr tausende Sch\u00fcler aus der Region die w\u00f6chentlichen Treffen stattfinden k\u00f6nnen.<\/p>\n\n\n\n<p>Nangina bewirkt so eine mehrfache Hilfe: Die Sch\u00fcler k\u00f6nnen Solarlampen zu einem g\u00fcnstigen Preis kaufen, die sie von der mangelhaften Stromversorgung unabh\u00e4ngig machen. Das aus dem Verkauf der Lampen verbleibende Geld wird in andere wichtige Projekte des IHER weitergeleitet, meist sind es Bauprojekte. Schlie\u00dflich helfen also die Sch\u00fcler durch den Kauf der Lampen, IHER-Schulen zu bauen. Diese Mithilfe st\u00e4rkt ihr Selbstbewusstsein und betont, dass sich die Menschen in Honduras selbstverantwortlich weiterentwickeln k\u00f6nnen, wenn sie ihre Bildungseinrichtungen erweitern.<\/p>\n\n\n\n<p><strong>Ma\u00dfnahmen des Nangina e.V. in den vergangenen Jahren<\/strong><\/p>\n\n\n\n<p>Informationen folgen<\/p>\n\n\n\n<p><strong>Besuche von Nanginesen oder Gegenbesuche von Projektpartnern<\/strong><\/p>\n\n\n\n<p>Juli-August 2012: Besuch von Peter Warlimont im Rahmen des Senior-Expert-Service (SES)<\/p>\n\n\n\n<p>2012: Besuch von Desir\u00e9e Schnitker<\/p>\n\n\n\n<p>August-September 2011: Besuch von Peter Warlimont im Rahmen des SES<\/p>\n\n\n\n<p><strong>Aktuelle Entwicklungen<\/strong><\/p>\n\n\n\n<p>F\u00fcr weitere Informationen: honduras.elmaestroencasa.com<\/p>\n\n\n\n<p><\/p>\n\n\n\n<p>Usere beitr\u00e4ge zu diesem Projekt:<\/p>\n\n\n<ul class=\"wp-block-latest-posts__list wp-block-latest-posts\"><\/ul>","protected":false},"excerpt":{"rendered":"<p>Seit einigen Jahren unterst\u00fctzt der Nangina e.V. die Radioschulen des IHER (Instituto Hondureno de Educaci\u00f3n por Radio). Auf dem Lande haben einige Menschen in Honduras keinen Zugang zu Bildung, da &#8230;<\/p>\n","protected":false},"author":5,"featured_media":0,"parent":0,"menu_order":0,"comment_status":"closed","ping_status":"closed","template":"","meta":{"footnotes":""},"class_list":["post-1193","page","type-page","status-publish","hentry"],"_links":{"self":[{"href":"https:\/\/nangina-test.klabusnik.de\/index.php\/wp-json\/wp\/v2\/pages\/1193","targetHints":{"allow":["GET"]}}],"collection":[{"href":"https:\/\/nangina-test.klabusnik.de\/index.php\/wp-json\/wp\/v2\/pages"}],"about":[{"href":"https:\/\/nangina-test.klabusnik.de\/index.php\/wp-json\/wp\/v2\/types\/page"}],"author":[{"embeddable":true,"href":"https:\/\/nangina-test.klabusnik.de\/index.php\/wp-json\/wp\/v2\/users\/5"}],"replies":[{"embeddable":true,"href":"https:\/\/nangina-test.klabusnik.de\/index.php\/wp-json\/wp\/v2\/comments?post=1193"}],"version-history":[{"count":2,"href":"https:\/\/nangina-test.klabusnik.de\/index.php\/wp-json\/wp\/v2\/pages\/1193\/revisions"}],"predecessor-version":[{"id":1280,"href":"https:\/\/nangina-test.klabusnik.de\/index.php\/wp-json\/wp\/v2\/pages\/1193\/revisions\/1280"}],"wp:attachment":[{"href":"https:\/\/nangina-test.klabusnik.de\/index.php\/wp-json\/wp\/v2\/media?parent=1193"}],"curies":[{"name":"wp","href":"https:\/\/api.w.org\/{rel}","templated":true}]}}