{"id":514,"date":"2017-06-17T00:38:48","date_gmt":"2017-06-17T00:38:48","guid":{"rendered":"https:\/\/nangina-new.klabusnik.de\/?page_id=514"},"modified":"2019-03-23T09:39:06","modified_gmt":"2019-03-23T09:39:06","slug":"vorstand","status":"publish","type":"page","link":"https:\/\/nangina-test.klabusnik.de\/index.php\/verein\/vorstand\/","title":{"rendered":"Vorstand"},"content":{"rendered":"<figure id=\"attachment_528\" aria-describedby=\"caption-attachment-528\" style=\"width: 300px\" class=\"wp-caption alignnone\"><img loading=\"lazy\" decoding=\"async\" class=\"size-medium wp-image-528\" src=\"https:\/\/nangina.de\/wp-content\/uploads\/2017\/06\/P1020413-300x225.jpg\" alt=\"\" width=\"300\" height=\"225\" srcset=\"https:\/\/nangina-test.klabusnik.de\/wp-content\/uploads\/2017\/06\/P1020413-300x225.jpg 300w, https:\/\/nangina-test.klabusnik.de\/wp-content\/uploads\/2017\/06\/P1020413-768x577.jpg 768w, https:\/\/nangina-test.klabusnik.de\/wp-content\/uploads\/2017\/06\/P1020413-1024x769.jpg 1024w\" sizes=\"auto, (max-width: 300px) 100vw, 300px\" \/><figcaption id=\"caption-attachment-528\" class=\"wp-caption-text\">Zukunftswerkstatt des Nangina-Vorstands<\/figcaption><\/figure>\n<p>Friedhelm Ribberger<br \/>\nFunktion: Vorsitzender<\/p>\n<p>Carina Droste<br \/>\nFunktion: stellvertretende Vorsitzende (Jugendvorsitzende)<\/p>\n<p>Carolin Vehr<br \/>\nFunktion: Schriftf\u00fchrerin<\/p>\n<p>L\u00e9on Vall\u00e9e<br \/>\nFunktion: Kassenwart<\/p>\n<p>Katharina Stritzke<br \/>\nFunktion: Projektkoordination<\/p>\n<p>Gerald Linning-Droste<br \/>\nFunktion: \u00d6ffentlichkeitsarbeit<\/p>\n<p>Erweiterter Vorstand: Barbara Esser<\/p>\n","protected":false},"excerpt":{"rendered":"<p>Friedhelm Ribberger Funktion: Vorsitzender Carina Droste Funktion: stellvertretende Vorsitzende (Jugendvorsitzende) Carolin Vehr Funktion: Schriftf\u00fchrerin L\u00e9on Vall\u00e9e Funktion: Kassenwart Katharina Stritzke Funktion: Projektkoordination Gerald Linning-Droste Funktion: \u00d6ffentlichkeitsarbeit Erweiterter Vorstand: Barbara Esser<\/p>\n","protected":false},"author":2,"featured_media":0,"parent":512,"menu_order":0,"comment_status":"closed","ping_status":"closed","template":"","meta":{"footnotes":""},"class_list":["post-514","page","type-page","status-publish","hentry"],"_links":{"self":[{"href":"https:\/\/nangina-test.klabusnik.de\/index.php\/wp-json\/wp\/v2\/pages\/514","targetHints":{"allow":["GET"]}}],"collection":[{"href":"https:\/\/nangina-test.klabusnik.de\/index.php\/wp-json\/wp\/v2\/pages"}],"about":[{"href":"https:\/\/nangina-test.klabusnik.de\/index.php\/wp-json\/wp\/v2\/types\/page"}],"author":[{"embeddable":true,"href":"https:\/\/nangina-test.klabusnik.de\/index.php\/wp-json\/wp\/v2\/users\/2"}],"replies":[{"embeddable":true,"href":"https:\/\/nangina-test.klabusnik.de\/index.php\/wp-json\/wp\/v2\/comments?post=514"}],"version-history":[{"count":4,"href":"https:\/\/nangina-test.klabusnik.de\/index.php\/wp-json\/wp\/v2\/pages\/514\/revisions"}],"predecessor-version":[{"id":877,"href":"https:\/\/nangina-test.klabusnik.de\/index.php\/wp-json\/wp\/v2\/pages\/514\/revisions\/877"}],"up":[{"embeddable":true,"href":"https:\/\/nangina-test.klabusnik.de\/index.php\/wp-json\/wp\/v2\/pages\/512"}],"wp:attachment":[{"href":"https:\/\/nangina-test.klabusnik.de\/index.php\/wp-json\/wp\/v2\/media?parent=514"}],"curies":[{"name":"wp","href":"https:\/\/api.w.org\/{rel}","templated":true}]}}